What are the prime factors of 6645328?
2, 67, 6199
What are the prime factors of 191853?
3, 21317
What are the prime factors of 3999239?
3999239
What are the prime factors of 1028605?
5, 205721
List the prime factors of 377628.
2, 3, 31469
What are the prime factors of 7796751?
3, 37, 70241
List the prime factors of 27012326.
2, 11, 1227833
List the prime factors of 1134336.
2, 3, 7, 211
What are the prime factors of 1245322?
2, 13, 211, 227
What are the prime factors of 418712?
2, 7, 7477
What are the prime factors of 4028487?
3, 1342829
List the prime factors of 5870459.
7, 823, 1019
What are the prime factors of 3240559?
7, 462937
List the prime factors of 182535.
3, 5, 43, 283
What are the prime factors of 2079138?
2, 3, 197, 1759
What are the prime factors of 866610?
2, 3, 5, 9629
What are the prime factors of 6625247?
6625247
What are the prime factors of 7707918?
2, 3, 41, 31333
List the prime factors of 742282.
2, 371141
List the prime factors of 686193.
3, 228731
What are the prime factors of 14258690?
2, 5, 37, 89, 433
List the prime factors of 60859.
60859
List the prime factors of 273748.
2, 68437
List the prime factors of 2425913.
7, 346559
What are the prime factors of 2373507?
3, 263723
List the prime factors of 329307.
3, 11, 17, 587
What are the prime factors of 420187?
23, 18269
What are the prime factors of 27456270?
2, 3, 5, 613, 1493
List the prime factors of 1513286.
2, 587, 1289
List the prime factors of 94277.
23, 4099
List the prime factors of 4135341.
3, 7, 191, 1031
What are the prime factors of 404612?
2, 13, 31, 251
List the prime factors of 754119.
3, 83791
What are the prime factors of 56504?
2, 7, 1009
What are the prime factors of 600640?
2, 5, 1877
List the prime factors of 24178.
2, 7, 11, 157
List the prime factors of 171679.
171679
What are the prime factors of 1492408?
2, 186551
List the prime factors of 5642340.
2, 3, 5, 11, 83, 103
List the prime factors of 11357105.
5, 17, 53, 2521
List the prime factors of 5680158.
2, 3, 11, 89, 967
List the prime factors of 742960.
2, 5, 37, 251
What are the prime factors of 250060?
2, 5, 12503
List the prime factors of 342574.
2, 157, 1091
List the prime factors of 8771499.
3, 11, 41, 2161
What are the prime factors of 223010?
2, 5, 29, 769
List the prime factors of 1579783.
1579783
List the prime factors of 5633420.
2, 5, 13, 47, 461
List the prime factors of 96625.
5, 773
What are the prime factors of 127477?
7, 18211
List the prime factors of 433453.
433453
List the prime factors of 4742917.
53, 109, 821
What are the prime factors of 287728?
2, 7, 367
What are the prime factors of 191524?
2, 47881
List the prime factors of 84041.
31, 2711
What are the prime factors of 889010?
2, 5, 19, 4679
List the prime factors of 11768847.
3, 19, 23, 47, 191
List the prime factors of 140515.
5, 157, 179
List the prime factors of 9922626.
2, 3, 7, 61, 1291
List the prime factors of 127668.
2, 3, 10639
List the prime factors of 5722802.
2, 29, 98669
What are the prime factors of 4540806?
2, 3, 84089
What are the prime factors of 17608842?
2, 3, 978269
What are the prime factors of 25892?
2, 6473
List the prime factors of 4202445.
3, 5, 13, 23, 937
List the prime factors of 11621043.
3, 7, 61487
What are the prime factors of 876709?
311, 2819
List the prime factors of 14844829.
41, 362069
List the prime factors of 3584181.
3, 1194727
What are the prime factors of 369774?
2, 3, 20543
List the prime factors of 5767009.
1013, 5693
List the prime factors of 41563.
89, 467
What are the prime factors of 2229991?
2229991
What are the prime factors of 2187271?
17, 128663
What are the prime factors of 783219?
3, 23, 11351
What are the prime factors of 4600433?
211, 21803
What are the prime factors of 13033180?
2, 5, 23, 29, 977
What are the prime factors of 1444646?
2, 7, 19, 5431
List the prime factors of 799640.
2, 5, 19991
List the prime factors of 1084241.
71, 15271
What are the prime factors of 134965?
5, 26993
What are the prime factors of 1506598?
2, 109, 6911
What are the prime factors of 176490?
2, 3, 5, 37, 53
What are the prime factors of 81100?
2, 5, 811
What are the prime factors of 219239?
271, 809
List the prime factors of 31935257.
19, 1680803
List the prime factors of 87181.
87181
List the prime factors of 1151169.
3, 383723
List the prime factors of 7147780.
2, 5, 357389
List the prime factors of 4729447.
4729447
List the prime factors of 12476940.
2, 3, 5, 7, 61, 487
List the prime factors of 701844.
2, 3, 11, 13, 409
What are the prime factors of 11741165?
5, 2348233
List the prime factors of 395153.
11, 35923
List the prime factors of 1362925.
5, 54517
What are the prime factors of 4019503?
23, 174761
What are the prime factors of 1814736?
2, 3, 7, 11, 491
List the prime factors of 10139428.
2, 13, 194989
What are the prime factors of 141053?
11, 12823
What are the prime factors of 236345?
5, 47269
List the prime factors of 8287022.
2, 59, 70229
What are the prime factors of 134380?
2, 5, 6719
What are the prime factors of 20676571?
797, 25943
List the prime factors of 2551757.
13, 19, 10331
List the prime factors of 1086435.
3, 5, 7, 3449
What are the prime factors of 249172?
2, 7, 11, 809
What are the prime factors of 279593?
279593
List the prime factors of 103466.
2, 11, 4703
List the prime factors of 883023.
3, 294341
What are the prime factors of 10862377?
2663, 4079
What are the prime factors of 1003510?
2, 5, 17, 5903
What are the prime factors of 376157?
193, 1949
List the prime factors of 2355953.
433, 5441
What are the prime factors of 130429?
13, 79, 127
What are the prime factors of 11765010?
2, 3, 5, 29, 13523
List the prime factors of 2788419.
3, 31, 29983
List the prime factors of 1012632.
2, 3, 42193
What are the prime factors of 23997143?
379, 63317
What are the prime factors of 1000485?
3, 5, 7411
What are the prime factors of 90702?
2, 3, 5039
What are the prime factors of 133658?
2, 7, 9547
What are the prime factors of 181254?
2, 3, 17, 1777
List the prime factors of 189641.
71, 2671
What are the prime factors of 4688028?
2, 3, 130223
What are the prime factors of 17950743?
3, 41, 48647
List the prime factors of 6463362.
2, 3, 1077227
What are the prime factors of 1277222?
2, 701, 911
List the prime factors of 633057.
3, 89, 2371
What are the prime factors of 2368349?
101, 131, 179
List the prime factors of 3411291.
3, 13, 23, 3803
List the prime factors of 4236727.
11, 599, 643
List the prime factors of 3679645.
5, 373, 1973
What are the prime factors of 1715896?
2, 7, 13, 2357
What are the prime factors of 8187619?
11, 37, 20117
List the prime factors of 18540706.
2, 61, 83, 1831
List the prime factors of 15569959.
199, 78241
What are the prime factors of 436055?
5, 87211
List the prime factors of 1430845.
5, 13, 22013
List the prime factors of 247000.
2, 5, 13, 19
List the prime factors of 836511.
3, 13, 89, 241
List the prime factors of 20409537.
3, 17, 400187
What are the prime factors of 83830?
2, 5, 83, 101
What are the prime factors of 320388?
2, 3, 26699
What are the prime factors of 2723950?
2, 5, 157, 347
List the prime factors of 17609415.
3, 5, 1173961
What are the prime factors of 1878305?
5, 11, 13, 37, 71
What are the prime factors of 78074?
2, 103, 379
List the prime factors of 1318140.
2, 3, 5, 2441
What are the prime factors of 1370644?
2, 11, 31151
What are the prime factors of 6560776?
2, 17, 19, 2539
What are the prime factors of 57902?
2, 13, 17, 131
What are the prime factors of 3743531?
11, 340321
List the prime factors of 2076686.
2, 17, 103, 593
What are the prime factors of 150252?
2, 3, 19, 659
What are the prime factors of 346849?
346849
What are the prime factors of 10119?
3, 3373
List the prime factors of 367214.
2, 89, 2063
List the prime factors of 3471164.
2, 127, 6833
List the prime factors of 822053.
73, 11261
List the prime factors of 2401650.
2, 3, 5, 593
List the prime factors of 958457.
41, 97, 241
What are the prime factors of 238195?
5, 47639
List the prime factors of 3695416.
2, 607, 761
What are the prime factors of 271789?
7, 41, 947
What are the prime factors of 281444?
2, 71, 991
What are the prime factors of 1132598?
2, 157, 3607
What are the prime factors of 220141?
220141
List the prime facto